
{"id":14,"date":"2017-06-13T12:42:22","date_gmt":"2017-06-13T10:42:22","guid":{"rendered":"https:\/\/przedszkole23.edu.wroclaw.pl\/?page_id=14"},"modified":"2025-10-27T16:25:08","modified_gmt":"2025-10-27T15:25:08","slug":"strona-glowna","status":"publish","type":"page","link":"https:\/\/przedszkole23.edu.wroclaw.pl\/","title":{"rendered":"Strona g\u0142\u00f3wna"},"content":{"rendered":"<div class=\"wpb-content-wrapper\"><p>[vc_row][vc_column][vc_column_text css_animation=&#8221;fadeInLeft&#8221;]<\/p>\n<h2 style=\"text-align: center;margin-top: -30px;font-size: 36px;color: #1e7eba\">Szanowni Rodzice!<\/h2>\n<p>[\/vc_column_text][vc_separator color=&#8221;custom&#8221; border_width=&#8221;4&#8243; el_width=&#8221;50&#8243; accent_color=&#8221;#1e7eba&#8221;][vc_empty_space][vc_column_text css_animation=&#8221;fadeInUp&#8221; css=&#8221;&#8221;]<span style=\"color: #333333\"><strong>\u00a0 \u00a0 \u00a0 Przedszkole nr 23 mie\u015bci si\u0119 przy ul. Zwyci\u0119skiej 8a we Wroc\u0142awiu.<\/strong><\/span><\/p>\n<ul>\n<li><span style=\"color: #333333\">Organem prowadz\u0105cym przedszkole jest Gmina Wroc\u0142aw,<\/span><\/li>\n<li><span style=\"color: #333333\"><strong>Przedszkole jest czynne w godzinach od 06.30 do 17.00 <\/strong>(od poniedzia\u0142ku do pi\u0105tku),<\/span><\/li>\n<li><span style=\"color: #333333\">Dzieci nale\u017cy przyprowadza\u0107 do godziny <strong>8.30 <\/strong><\/span><br \/>\n<span style=\"color: #333333\">Odbieranie dzieci od godziny <strong>14.00 \u2013 przy odbieraniu dzieci nale\u017cy wylegitymowa\u0107 si\u0119 dowodem to\u017csamo\u015bci,<\/strong><\/span><\/li>\n<li><span style=\"color: #333333\">Ponadto nale\u017cy z\u0142o\u017cy\u0107 <strong>o\u015bwiadczenia<\/strong> (za\u0142\u0105cznik nr 1) dotycz\u0105ce os\u00f3b upowa\u017cnionych do odbierania dziecka <strong>w dniu pierwszej obecno\u015bci dziecka w przedszkolu<\/strong> ,<\/span><\/li>\n<li><span style=\"color: #333333\">Przedszkole zapewnia posi\u0142ki przygotowywane przez kuchni\u0119 w\u0142asn\u0105,<\/span><\/li>\n<li><span style=\"color: #333333\"><strong>W pierwszym dniu obecno\u015bci dziecka nale\u017cy przynie\u015b\u0107 kompletn\u0105 i podpisan\u0105 wyprawk\u0119. <\/strong><\/span><\/li>\n<\/ul>\n<p>[\/vc_column_text][vc_column_text css_animation=&#8221;fadeInUp&#8221; css=&#8221;&#8221;][\/vc_column_text][vc_column_text css_animation=&#8221;fadeInUp&#8221; css=&#8221;&#8221;]<\/p>\n<p style=\"text-align: left\"><strong><em>Dyrektor <\/em><\/strong><\/p>\n<p style=\"text-align: left\"><strong><em>Przedszkola nr 23<\/em><\/strong><\/p>\n<p style=\"text-align: left\"><strong><em>Monika Bi\u0142ozor<\/em><\/strong><\/p>\n<p>[\/vc_column_text][vc_column_text][\/vc_column_text][vc_separator][vc_empty_space][vc_column_text]<\/p>\n<div dir=\"ltr\" style=\"text-align: center\"><span style=\"font-size: 24pt;color: #1e7eba\"><strong>Informacja dotycz\u0105ca przerwy wakacyjnej w Przedszkolu nr 23<\/strong><\/span><\/div>\n<p>[\/vc_column_text][vc_separator color=&#8221;custom&#8221; border_width=&#8221;4&#8243; el_width=&#8221;50&#8243; accent_color=&#8221;#1e7eba&#8221;][vc_column_text css=&#8221;&#8221;]<\/p>\n<div dir=\"ltr\" style=\"text-align: center\"><span style=\"font-size: 18pt;color: #000000\"><strong>\u2022 Przedszkole nr 23 jest <span style=\"text-decoration: underline\">czynne<\/span> w sierpniu 2026<\/strong><\/span><\/div>\n<div dir=\"ltr\" style=\"text-align: center\"><\/div>\n<div dir=\"ltr\" style=\"text-align: center\"><span style=\"font-size: 18pt;color: #000000\"><strong>\u2022 Przedszkole nr 23 jest <span style=\"text-decoration: underline\">nieczynne<\/span> w lipcu 2026<\/strong><\/span><\/div>\n<div dir=\"ltr\" style=\"text-align: center\"><\/div>\n<div dir=\"ltr\" style=\"text-align: center\"><span style=\"font-size: 18pt;color: #000000\"><strong>\u2022\u00a0Z<\/strong><strong>niesiono przedszkola dy\u017curuj\u0105ce<\/strong><\/span><\/div>\n<p>[\/vc_column_text][vc_empty_space][vc_separator][\/vc_column][\/vc_row][vc_row][vc_column][vc_column_text css_animation=&#8221;fadeInLeftBig&#8221;]<\/p>\n<h2 style=\"text-align: center;margin-top: -30px;font-size: 36px;color: #1e7eba\">Aktualno\u015bci<\/h2>\n<p>[\/vc_column_text][vc_separator color=&#8221;custom&#8221; border_width=&#8221;4&#8243; el_width=&#8221;50&#8243; accent_color=&#8221;#1e7eba&#8221;][vc_empty_space][vc_masonry_grid post_type=&#8221;post&#8221; max_items=&#8221;4&#8243; element_width=&#8221;3&#8243; grid_id=&#8221;vc_gid:1761578578821-99eec8c3-48f2-5&#8243; taxonomies=&#8221;3&#8243;][\/vc_column][\/vc_row]<\/p>\n<\/div>","protected":false},"excerpt":{"rendered":"<p>[vc_row][vc_column][vc_column_text css_animation=&#8221;fadeInLeft&#8221;] Szanowni Rodzice! [\/vc_column_text][vc_separator color=&#8221;custom&#8221; border_width=&#8221;4&#8243; el_width=&#8221;50&#8243; accent_color=&#8221;#1e7eba&#8221;][vc_empty_space][vc_column_text css_animation=&#8221;fadeInUp&#8221; css=&#8221;&#8221;]\u00a0 \u00a0 \u00a0 Przedszkole nr 23 mie\u015bci si\u0119 przy ul. Zwyci\u0119skiej 8a we Wroc\u0142awiu. Organem prowadz\u0105cym przedszkole jest Gmina Wroc\u0142aw, [&hellip;]<\/p>\n","protected":false},"author":15,"featured_media":0,"parent":0,"menu_order":0,"comment_status":"closed","ping_status":"closed","template":"","meta":{"footnotes":""},"class_list":["post-14","page","type-page","status-publish","hentry","clearfix"],"_links":{"self":[{"href":"https:\/\/przedszkole23.edu.wroclaw.pl\/index.php\/wp-json\/wp\/v2\/pages\/14","targetHints":{"allow":["GET"]}}],"collection":[{"href":"https:\/\/przedszkole23.edu.wroclaw.pl\/index.php\/wp-json\/wp\/v2\/pages"}],"about":[{"href":"https:\/\/przedszkole23.edu.wroclaw.pl\/index.php\/wp-json\/wp\/v2\/types\/page"}],"author":[{"embeddable":true,"href":"https:\/\/przedszkole23.edu.wroclaw.pl\/index.php\/wp-json\/wp\/v2\/users\/15"}],"replies":[{"embeddable":true,"href":"https:\/\/przedszkole23.edu.wroclaw.pl\/index.php\/wp-json\/wp\/v2\/comments?post=14"}],"version-history":[{"count":89,"href":"https:\/\/przedszkole23.edu.wroclaw.pl\/index.php\/wp-json\/wp\/v2\/pages\/14\/revisions"}],"predecessor-version":[{"id":7064,"href":"https:\/\/przedszkole23.edu.wroclaw.pl\/index.php\/wp-json\/wp\/v2\/pages\/14\/revisions\/7064"}],"wp:attachment":[{"href":"https:\/\/przedszkole23.edu.wroclaw.pl\/index.php\/wp-json\/wp\/v2\/media?parent=14"}],"curies":[{"name":"wp","href":"https:\/\/api.w.org\/{rel}","templated":true}]}}

Strona główna

<div class="wpb-content-wrapper"><p>[vc_row][vc_column][vc_column_text css_animation=&#8221;fadeInLeft&#8221;]</p>
<h2 style="text-align: center;margin-top: -30px;font-size: 36px;color: #1e7eba">Szanowni Rodzice!</h2>
<p>[/vc_column_text][vc_separator color=&#8221;custom&#8221; border_width=&#8221;4&#8243; el_width=&#8221;50&#8243; accent_color=&#8221;#1e7eba&#8221;][vc_empty_space][vc_column_text css_animation=&#8221;fadeInUp&#8221; css=&#8221;&#8221;]<span style="color: #333333"><strong>      Przedszkole nr 23 mieści się przy ul. Zwycięskiej 8a we Wrocławiu.</strong></span></p>
<ul>
<li><span style="color: #333333">Organem prowadzącym przedszkole jest Gmina Wrocław,</span></li>
<li><span style="color: #333333"><strong>Przedszkole jest czynne w godzinach od 06.30 do 17.00 </strong>(od poniedziałku do piątku),</span></li>
<li><span style="color: #333333">Dzieci należy przyprowadzać do godziny <strong>8.30 </strong></span><br />
<span style="color: #333333">Odbieranie dzieci od godziny <strong>14.00 – przy odbieraniu dzieci należy wylegitymować się dowodem tożsamości,</strong></span></li>
<li><span style="color: #333333">Ponadto należy złożyć <strong>oświadczenia</strong> (załącznik nr 1) dotyczące osób upoważnionych do odbierania dziecka <strong>w dniu pierwszej obecności dziecka w przedszkolu</strong> ,</span></li>
<li><span style="color: #333333">Przedszkole zapewnia posiłki przygotowywane przez kuchnię własną,</span></li>
<li><span style="color: #333333"><strong>W pierwszym dniu obecności dziecka należy przynieść kompletną i podpisaną wyprawkę. </strong></span></li>
</ul>
<p>[/vc_column_text][vc_column_text css_animation=&#8221;fadeInUp&#8221; css=&#8221;&#8221;][/vc_column_text][vc_column_text css_animation=&#8221;fadeInUp&#8221; css=&#8221;&#8221;]</p>
<p style="text-align: left"><strong><em>Dyrektor </em></strong></p>
<p style="text-align: left"><strong><em>Przedszkola nr 23</em></strong></p>
<p style="text-align: left"><strong><em>Monika Biłozor</em></strong></p>
<p>[/vc_column_text][vc_column_text][/vc_column_text][vc_separator][vc_empty_space][vc_column_text]</p>
<div dir="ltr" style="text-align: center"><span style="font-size: 24pt;color: #1e7eba"><strong>Informacja dotycząca przerwy wakacyjnej w Przedszkolu nr 23</strong></span></div>
<p>[/vc_column_text][vc_separator color=&#8221;custom&#8221; border_width=&#8221;4&#8243; el_width=&#8221;50&#8243; accent_color=&#8221;#1e7eba&#8221;][vc_column_text css=&#8221;&#8221;]</p>
<div dir="ltr" style="text-align: center"><span style="font-size: 18pt;color: #000000"><strong>• Przedszkole nr 23 jest <span style="text-decoration: underline">czynne</span> w sierpniu 2026</strong></span></div>
<div dir="ltr" style="text-align: center"></div>
<div dir="ltr" style="text-align: center"><span style="font-size: 18pt;color: #000000"><strong>• Przedszkole nr 23 jest <span style="text-decoration: underline">nieczynne</span> w lipcu 2026</strong></span></div>
<div dir="ltr" style="text-align: center"></div>
<div dir="ltr" style="text-align: center"><span style="font-size: 18pt;color: #000000"><strong>• Z</strong><strong>niesiono przedszkola dyżurujące</strong></span></div>
<p>[/vc_column_text][vc_empty_space][vc_separator][/vc_column][/vc_row][vc_row][vc_column][vc_column_text css_animation=&#8221;fadeInLeftBig&#8221;]</p>
<h2 style="text-align: center;margin-top: -30px;font-size: 36px;color: #1e7eba">Aktualności</h2>
<p>[/vc_column_text][vc_separator color=&#8221;custom&#8221; border_width=&#8221;4&#8243; el_width=&#8221;50&#8243; accent_color=&#8221;#1e7eba&#8221;][vc_empty_space][vc_masonry_grid post_type=&#8221;post&#8221; max_items=&#8221;4&#8243; element_width=&#8221;3&#8243; grid_id=&#8221;vc_gid:1761578578821-99eec8c3-48f2-5&#8243; taxonomies=&#8221;3&#8243;][/vc_column][/vc_row]</p>
</div>

<p>[vc_row][vc_column][vc_column_text css_animation=&#8221;fadeInLeft&#8221;] Szanowni Rodzice! [/vc_column_text][vc_separator color=&#8221;custom&#8221; border_width=&#8221;4&#8243; el_width=&#8221;50&#8243; accent_color=&#8221;#1e7eba&#8221;][vc_empty_space][vc_column_text css_animation=&#8221;fadeInUp&#8221; css=&#8221;&#8221;]      Przedszkole nr 23 mieści się przy ul. Zwycięskiej 8a we Wrocławiu. Organem prowadzącym przedszkole jest Gmina Wrocław, [&hellip;]</p>
