
{"id":286,"date":"2017-10-05T14:52:38","date_gmt":"2017-10-05T12:52:38","guid":{"rendered":"https:\/\/przedszkole23.edu.wroclaw.pl\/?page_id=286"},"modified":"2022-08-02T21:54:47","modified_gmt":"2022-08-02T19:54:47","slug":"projekty-unijne","status":"publish","type":"page","link":"https:\/\/przedszkole23.edu.wroclaw.pl\/index.php\/projekty-unijne\/","title":{"rendered":"Projekty unijne"},"content":{"rendered":"<div class=\"wpb-content-wrapper\"><p>[vc_row][vc_column][vc_btn title=&#8221;WSP\u00d3\u0141PRACA Z UNICEF&#8221; color=&#8221;turquoise&#8221; size=&#8221;lg&#8221; align=&#8221;center&#8221; link=&#8221;url:https%3A%2F%2Fprzedszkole23.edu.wroclaw.pl%2Fwp-content%2Fuploads%2Fsites%2F32%2F2022%2F08%2FWspolpraca20z20UNICEF-em.pdf|target:_blank&#8221;][vc_separator color=&#8221;black&#8221;][vc_column_text]<\/p>\n<p style=\"text-align: center\"><span style=\"color: #000000\">\u201ePrzebudowa budynku przy ul. Zwyci\u0119skiej we Wroc\u0142awiu na potrzeby Przedszkola nr 23\u201d<\/span><\/p>\n<p style=\"text-align: center\"><span style=\"color: #000000\">Projekt wsp\u00f3\u0142finansowany ze \u015brodk\u00f3w Unii Europejskiej w ramach Regionalnego<\/span><\/p>\n<p style=\"text-align: center\"><span style=\"color: #000000\">Programu Operacyjnego Wojew\u00f3dztwa Dolno\u015bl\u0105skiego 2014 2020,<\/span><\/p>\n<p style=\"text-align: center\"><span style=\"color: #000000\">w ramach Osi priorytetowej: 7 Infrastruktura edukacyjna, Dzia\u0142anie 7.1\u00a0 inwestycje w edukacj\u0119 przedszkoln\u0105., podstawow\u0105 i gimnazjaln\u0105,<\/span><\/p>\n<p style=\"text-align: center\"><span style=\"color: #000000\">Poddzia\u0142anie nr 7.1.2 Inwestycje w edukacj\u0119 przedszkolna, podstawowa i gimnazjalna \u2013ZIT WROF<\/span><\/p>\n<p style=\"text-align: center\"><span style=\"color: #000000\">Cel projektu: zwi\u0119kszenie dost\u0119pno\u015bci do edukacji przedszkolnej dla mieszka\u0144c\u00f3w Wroc\u0142awia i okolic.<\/span><\/p>\n<p style=\"text-align: center\"><span style=\"color: #000000\">Beneficjent Gmina Wroc\u0142aw<\/span><\/p>\n<p><img loading=\"lazy\" decoding=\"async\" class=\"aligncenter wp-image-4554 size-full\" src=\"https:\/\/przedszkole23.edu.wroclaw.pl\/wp-content\/uploads\/sites\/32\/2021\/02\/Projekt.jpg\" alt=\"\" width=\"817\" height=\"86\" srcset=\"https:\/\/przedszkole23.edu.wroclaw.pl\/wp-content\/uploads\/sites\/32\/2021\/02\/Projekt.jpg 817w, https:\/\/przedszkole23.edu.wroclaw.pl\/wp-content\/uploads\/sites\/32\/2021\/02\/Projekt-300x32.jpg 300w, https:\/\/przedszkole23.edu.wroclaw.pl\/wp-content\/uploads\/sites\/32\/2021\/02\/Projekt-768x81.jpg 768w, https:\/\/przedszkole23.edu.wroclaw.pl\/wp-content\/uploads\/sites\/32\/2021\/02\/Projekt-600x63.jpg 600w\" sizes=\"auto, (max-width: 817px) 100vw, 817px\" \/>[\/vc_column_text][vc_separator color=&#8221;black&#8221;][vc_raw_html css=&#8221;.vc_custom_1535581145067{margin-right: 200px !important;margin-left: 200px !important;background-color: #26ebf2 !important;}&#8221;]JTNDYSUyMGhyZWYlM0QlMjJodHRwcyUzQSUyRiUyRnByemVkc3prb2xlMjMuZWR1Lndyb2NsYXcucGwlMkYlM0ZwYWdlX2lkJTNENDE1JTIyJTNFJTBBJTNDcCUyMHN0eWxlJTNEJTIydGV4dC1hbGlnbiUzQSUyMGNlbnRlciUzQiUyMiUzRSUzQ3NwYW4lMjBzdHlsZSUzRCUyMmZvbnQtc2l6ZSUzQSUyMDVwdCUzQiUyMGNvbG9yJTNBJTIwJTIzMjZlYmYyJTNCJTIyJTNFaSUzQyUyRnNwYW4lM0UlM0NiciUyMCUyRiUzRSUzQ3NwYW4lMjBzdHlsZSUzRCUyMmZvbnQtc2l6ZSUzQSUyMDE0cHQlM0IlMjBjb2xvciUzQSUyMCUyMzAwMDAwMCUzQiUyMiUzRSUzQ3N0cm9uZyUzRSVFMiU4MCU5RUVkdWthY2phJTIwcHJ6ZWRzemtvbG5hJTIwYmV6JTIwYmFyaWVyJTNDJTJGc3Ryb25nJTNFJTNDJTJGc3BhbiUzRSUzQyUyRnAlM0UlMEElM0NwJTIwc3R5bGUlM0QlMjJ0ZXh0LWFsaWduJTNBJTIwY2VudGVyJTNCJTIyJTNFJTNDc3BhbiUyMHN0eWxlJTNEJTIyZm9udC1zaXplJTNBJTIwMTRwdCUzQiUyMGNvbG9yJTNBJTIwJTIzMDAwMDAwJTNCJTIyJTNFJTNDc3Ryb25nJTNFJTIwLSUyMHVwb3dzemVjaG5pZW5pZSUyMGklMjB6YXBld25pZW5pZSUyMHd5c29raWVqJTIwamFrbyVDNSU5QmNpJTIwZWR1a2FjamklMjBwcnplZHN6a29sbmVqJTIwdyUyMEdtaW5pZSUyMFdyb2MlQzUlODJhdyVFMiU4MCU5RCUzQyUyRnN0cm9uZyUzRSUzQyUyRnNwYW4lM0UlM0NzcGFuJTIwc3R5bGUlM0QlMjJmb250LXNpemUlM0ElMjAyOHB0JTNCJTIwY29sb3IlM0ElMjAlMjMyNmViZjIlM0IlMjIlM0VpJTNDJTJGc3BhbiUzRSUzQyUyRnAlM0UlMEElM0NwJTIwc3R5bGUlM0QlMjJ0ZXh0LWFsaWduJTNBJTIwY2VudGVyJTNCJTIyJTNFJTNDc3BhbiUyMHN0eWxlJTNEJTIyZm9udC1zaXplJTNBJTIwMTRwdCUzQiUyMGNvbG9yJTNBJTIwJTIzMDAwMDAwJTNCJTIyJTNFJTNDc3Ryb25nJTNFUHJvamVrdCUyMHpha28lQzUlODRjem9ueSUyMDMxLTA4LTIwMTglM0MlMkZzdHJvbmclM0UlM0MlMkZzcGFuJTNFJTNDYnIlMjAlMkYlM0UlM0NzcGFuJTIwc3R5bGUlM0QlMjJmb250LXNpemUlM0ElMjAyOHB0JTNCJTIwY29sb3IlM0ElMjAlMjMyNmViZjIlM0IlMjIlM0VpJTNDJTJGc3BhbiUzRSUzQyUyRnAlM0UlMEElM0MlMkZhJTNF[\/vc_raw_html][\/vc_column][vc_column][\/vc_column][\/vc_row][vc_row][vc_column css=&#8221;.vc_custom_1509567288016{margin-top: -12px !important;}&#8221;][vc_column_text css=&#8221;.vc_custom_1509545724303{margin-right: 200px !important;margin-left: 200px !important;background-color: #26ebf2 !important;}&#8221;]<a href=\"https:\/\/przedszkole23.edu.wroclaw.pl\/?page_id=415\"><img loading=\"lazy\" decoding=\"async\" class=\"wp-image-423 aligncenter\" src=\"https:\/\/przedszkole23.edu.wroclaw.pl\/wp-content\/uploads\/sites\/32\/2017\/10\/FE_PR-DS-UE_EFS-poziom-PL-kolor-300x57.jpg\" alt=\"\" width=\"885\" height=\"168\" srcset=\"https:\/\/przedszkole23.edu.wroclaw.pl\/wp-content\/uploads\/sites\/32\/2017\/10\/FE_PR-DS-UE_EFS-poziom-PL-kolor-300x57.jpg 300w, https:\/\/przedszkole23.edu.wroclaw.pl\/wp-content\/uploads\/sites\/32\/2017\/10\/FE_PR-DS-UE_EFS-poziom-PL-kolor-768x145.jpg 768w, https:\/\/przedszkole23.edu.wroclaw.pl\/wp-content\/uploads\/sites\/32\/2017\/10\/FE_PR-DS-UE_EFS-poziom-PL-kolor-1024x194.jpg 1024w, https:\/\/przedszkole23.edu.wroclaw.pl\/wp-content\/uploads\/sites\/32\/2017\/10\/FE_PR-DS-UE_EFS-poziom-PL-kolor-600x114.jpg 600w, https:\/\/przedszkole23.edu.wroclaw.pl\/wp-content\/uploads\/sites\/32\/2017\/10\/FE_PR-DS-UE_EFS-poziom-PL-kolor-624x118.jpg 624w\" sizes=\"auto, (max-width: 885px) 100vw, 885px\" \/><\/a>[\/vc_column_text][\/vc_column][\/vc_row]<\/p>\n<\/div>","protected":false},"excerpt":{"rendered":"<p>[vc_row][vc_column][vc_btn title=&#8221;WSP\u00d3\u0141PRACA Z UNICEF&#8221; color=&#8221;turquoise&#8221; size=&#8221;lg&#8221; align=&#8221;center&#8221; link=&#8221;url:https%3A%2F%2Fprzedszkole23.edu.wroclaw.pl%2Fwp-content%2Fuploads%2Fsites%2F32%2F2022%2F08%2FWspolpraca20z20UNICEF-em.pdf|target:_blank&#8221;][vc_separator color=&#8221;black&#8221;][vc_column_text] \u201ePrzebudowa budynku przy ul. Zwyci\u0119skiej we Wroc\u0142awiu na potrzeby Przedszkola nr 23\u201d Projekt wsp\u00f3\u0142finansowany ze \u015brodk\u00f3w Unii Europejskiej w ramach Regionalnego [&hellip;]<\/p>\n","protected":false},"author":72,"featured_media":0,"parent":0,"menu_order":0,"comment_status":"closed","ping_status":"closed","template":"","meta":{"footnotes":""},"class_list":["post-286","page","type-page","status-publish","hentry","clearfix"],"_links":{"self":[{"href":"https:\/\/przedszkole23.edu.wroclaw.pl\/index.php\/wp-json\/wp\/v2\/pages\/286","targetHints":{"allow":["GET"]}}],"collection":[{"href":"https:\/\/przedszkole23.edu.wroclaw.pl\/index.php\/wp-json\/wp\/v2\/pages"}],"about":[{"href":"https:\/\/przedszkole23.edu.wroclaw.pl\/index.php\/wp-json\/wp\/v2\/types\/page"}],"author":[{"embeddable":true,"href":"https:\/\/przedszkole23.edu.wroclaw.pl\/index.php\/wp-json\/wp\/v2\/users\/72"}],"replies":[{"embeddable":true,"href":"https:\/\/przedszkole23.edu.wroclaw.pl\/index.php\/wp-json\/wp\/v2\/comments?post=286"}],"version-history":[{"count":29,"href":"https:\/\/przedszkole23.edu.wroclaw.pl\/index.php\/wp-json\/wp\/v2\/pages\/286\/revisions"}],"predecessor-version":[{"id":5026,"href":"https:\/\/przedszkole23.edu.wroclaw.pl\/index.php\/wp-json\/wp\/v2\/pages\/286\/revisions\/5026"}],"wp:attachment":[{"href":"https:\/\/przedszkole23.edu.wroclaw.pl\/index.php\/wp-json\/wp\/v2\/media?parent=286"}],"curies":[{"name":"wp","href":"https:\/\/api.w.org\/{rel}","templated":true}]}}