
{"id":288,"date":"2017-10-05T14:53:21","date_gmt":"2017-10-05T12:53:21","guid":{"rendered":"https:\/\/przedszkole23.edu.wroclaw.pl\/?page_id=288"},"modified":"2026-02-20T16:06:35","modified_gmt":"2026-02-20T15:06:35","slug":"przetargi","status":"publish","type":"page","link":"https:\/\/przedszkole23.edu.wroclaw.pl\/index.php\/aktualnosci\/przetargi\/","title":{"rendered":"Przetargi"},"content":{"rendered":"<div class=\"wpb-content-wrapper\"><p>[vc_row][vc_column][vc_column_text css=&#8221;&#8221;]<\/p>\n<p><span style=\"font-size: 18pt\"><a href=\"https:\/\/przedszkole23.edu.wroclaw.pl\/wp-content\/uploads\/sites\/32\/2026\/02\/Plan-udzielania-zamowien-publicznych-na-2026-r.pdf\">Plan udzielania zam\u00f3wie\u0144 publicznych na 2026 r<\/a><\/span>[\/vc_column_text][\/vc_column][\/vc_row][vc_row][vc_column][vc_media_grid grid_id=&#8221;vc_gid:1771599875070-da3499d0-c513-3&#8243;][vc_column_text]<span style=\"font-size: 14pt\"><a href=\"https:\/\/przedszkole23.edu.wroclaw.pl\/wp-content\/uploads\/sites\/32\/2024\/02\/Plan-postepowan-o-udzielanie-zamowien-rok-2024.pdf\">Plan\u00a0 udzielania zam\u00f3wie\u0144 na rok 2024<\/a><\/span><\/p>\n<p><a href=\"https:\/\/przedszkole23.edu.wroclaw.pl\/wp-content\/uploads\/sites\/32\/2023\/01\/plan-udzielania-zamowien-publicznych-na-2023-r..pdf\">PLAN UDZIELANIA ZAM\u00d3WIE\u0143 PUBLICZNYCH NA ROK 2023 r.<\/a><\/p>\n<p><a href=\"https:\/\/miniportal.uzp.gov.pl\/Postepowania\/0ec441d9-30c3-49af-b70f-64f5039b382d\"><span style=\"color: #ff0000\"><span style=\"font-size: 14pt\">POST\u0118POWANIE PRZETARGOWE NA<\/span><span style=\"font-size: 14pt\"> ROK 2022<\/span><\/span><\/a><\/p>\n<hr \/>\n<hr \/>\n<hr \/>\n<p><span style=\"color: #0000ff\"><a style=\"color: #0000ff\" href=\"https:\/\/przedszkole23.edu.wroclaw.pl\/wp-content\/uploads\/sites\/32\/2021\/01\/2021_BZP-Plan-2021.pdf\"><span style=\"font-size: 14pt\">PLAN POST\u0118POWA\u0143 O UDZIELENIE ZAM\u00d3WIE\u0143 PUBLICZNYCH NA<\/span><span style=\"font-size: 14pt\"> ROK 2021<\/span><\/a><\/span><\/p>\n<p><span style=\"color: #0000ff\"><a style=\"color: #0000ff\" href=\"https:\/\/przedszkole23.edu.wroclaw.pl\/wp-content\/uploads\/sites\/32\/2020\/12\/P-23-wyniki-postepowania-2020.pdf\"><span style=\"font-size: 14pt\">WYB\u00d3R DOSTAWC\u00d3W ARTYKU\u0141\u00d3W SPO\u017bYWCZYCH NA RZECZ PRZEDSZKOLA NR 23 WE WROC\u0141AWIU<span class=\"m_1962549195246492326font\"><span class=\"m_1962549195246492326size\">\u00a0&#8211; Rozstrzygni\u0119cie post\u0119powania<\/span><\/span><\/span><\/a><\/span><\/p>\n<p><span style=\"color: #0000ff\"><a style=\"color: #0000ff\" href=\"https:\/\/przedszkole23.edu.wroclaw.pl\/wp-content\/uploads\/sites\/32\/2020\/12\/Informacja-w-trybie-art.-86-ust-5-ustawy-PZP-2020.pdf\"><span style=\"font-size: 14pt\">WYB\u00d3R DOSTAWC\u00d3W ARTYKU\u0141\u00d3W SPO\u017bYWCZYCH NA RZECZ PRZEDSZKOLA NR 23 WE WROC\u0141AWIU &#8211; Informacja w trybie art. 86, ust. 5 ustawy PZP<\/span><\/a><\/span><\/p>\n<p><span style=\"color: #0000ff\"><a style=\"color: #0000ff\" href=\"https:\/\/przedszkole23.edu.wroclaw.pl\/wp-content\/uploads\/sites\/32\/2020\/12\/P-23-odpowiedzi-do-SIWZ-2020.pdf\"><span style=\"font-size: 12pt\"><span style=\"font-size: 14pt\">WYB\u00d3R DOSTAWC\u00d3W ARTYKU\u0141\u00d3W SPO\u017bYWCZYCH NA RZECZ PRZEDSZKOLA NR 23 WE WROC\u0141AWIU &#8211; Odpowied\u017a na pytanie do tre\u015bci SIWZ<\/span><\/span><\/a><\/span><\/p>\n<p><span style=\"color: #0000ff\"><a style=\"color: #0000ff\" href=\"https:\/\/przedszkole23.edu.wroclaw.pl\/wp-content\/uploads\/sites\/32\/2020\/11\/DostawcyPrzetarg2020.pdf\"><span style=\"font-size: 14pt\">WYB\u00d3R DOSTAWC\u00d3W ARTYKU\u0141\u00d3W SPO\u017bYWCZYCH NA RZECZ PRZEDSZKOLA NR 23 WE <\/span><span style=\"font-size: 14pt\">WROC\u0141AWIU &#8211; Og\u0142oszenie o zam\u00f3wieniu<\/span><\/a><\/span><\/p>\n<p><span style=\"color: #0000ff\"><a style=\"color: #0000ff\" href=\"https:\/\/przedszkole23.edu.wroclaw.pl\/wp-content\/uploads\/sites\/32\/2020\/11\/SIWZ-P23-2020.pdf\"><span style=\"font-size: 14pt\">WYB\u00d3R DOSTAWC\u00d3W ARTYKU\u0141\u00d3W SPO\u017bYWCZYCH NA RZECZ PRZEDSZKOLA NR 23 WE <\/span><span style=\"font-size: 14pt\">WROC\u0141AWIU &#8211; Specyfikacja Istotnych Warunk\u00f3w Zam\u00f3wienia<\/span><\/a><\/span><\/p>\n<p><span style=\"color: #0000ff\"><a style=\"color: #0000ff\" href=\"https:\/\/przedszkole23.edu.wroclaw.pl\/wp-content\/uploads\/sites\/32\/2020\/11\/edytowalne2020.docx\"><span style=\"font-size: 14pt\">WYB\u00d3R DOSTAWC\u00d3W ARTYKU\u0141\u00d3W SPO\u017bYWCZYCH NA RZECZ PRZEDSZKOLA NR 23 WE <\/span><span style=\"font-size: 14pt\">WROC\u0141AWIU &#8211; Edytowalna forma za\u0142\u0105cznik\u00f3w do SIWZ<\/span><\/a><\/span><\/p>\n<p><span style=\"color: #0000ff\"><a style=\"color: #0000ff\" href=\"https:\/\/przedszkole23.edu.wroclaw.pl\/wp-content\/uploads\/sites\/32\/2020\/11\/plan-zamowien-2020.pdf\"><span style=\"font-size: 14pt\">PLAN POST\u0118POWA\u0143 O UDZIELENIE ZAM\u00d3WIE\u0143 PUBLICZNYCH NA<\/span><span style=\"font-size: 14pt\"> ROK 2020<\/span><\/a><\/span><\/p>\n<hr \/>\n<hr \/>\n<hr \/>\n<p><span style=\"color: #0000ff;font-size: 12pt\"><a style=\"color: #0000ff\" href=\"https:\/\/przedszkole23.edu.wroclaw.pl\/wp-content\/uploads\/sites\/32\/2019\/12\/Wyb\u00f3r-dostawc\u00f3w-rozstrzygni\u0119cie-post\u0119powania-2019.pdf\">WYB\u00d3R DOSTAWC\u00d3W ARTYKU\u0141\u00d3W SPO\u017bYWCZYCH NA RZECZ PRZEDSZKOLA NR 23 WE WROC\u0141AWIU<span class=\"m_1962549195246492326font\"><span class=\"m_1962549195246492326size\">\u00a0&#8211; Rozstrzygni\u0119cie post\u0119powania<\/span><\/span><\/a><\/span><\/p>\n<p><span style=\"color: #0000ff;font-size: 12pt\"><a style=\"color: #0000ff\" href=\"https:\/\/przedszkole23.edu.wroclaw.pl\/wp-content\/uploads\/sites\/32\/2019\/12\/P-23-Informacja-w-trybie-art.-86-ust.-5-ustawy-PZP-2019.pdf\">WYB\u00d3R DOSTAWC\u00d3W ARTYKU\u0141\u00d3W SPO\u017bYWCZYCH NA RZECZ PRZEDSZKOLA NR 23 WE WROC\u0141AWIU &#8211; Informacja w trybie art. 86, ust. 5 ustawy PZP<\/a><\/span><\/p>\n<p><span style=\"color: #0000ff;font-size: 12pt\"><a style=\"color: #0000ff\" href=\"https:\/\/przedszkole23.edu.wroclaw.pl\/wp-content\/uploads\/sites\/32\/2019\/11\/ogl.pdf\">WYB\u00d3R DOSTAWC\u00d3W ARTYKU\u0141\u00d3W SPO\u017bYWCZYCH NA RZECZ PRZEDSZKOLA NR 23 WE <\/a><a style=\"color: #0000ff\" href=\"https:\/\/przedszkole23.edu.wroclaw.pl\/wp-content\/uploads\/sites\/32\/2019\/11\/ogl.pdf\">WROC\u0141AWIU &#8211; Og\u0142oszenie o zam\u00f3wieniu<\/a><\/span><\/p>\n<p><span style=\"color: #0000ff;font-size: 12pt\"><a style=\"color: #0000ff\" href=\"https:\/\/przedszkole23.edu.wroclaw.pl\/wp-content\/uploads\/sites\/32\/2019\/11\/SIWZ-P23-2019.pdf\">WYB\u00d3R DOSTAWC\u00d3W ARTYKU\u0141\u00d3W SPO\u017bYWCZYCH NA RZECZ PRZEDSZKOLA NR 23 WE <\/a><a style=\"color: #0000ff\" href=\"https:\/\/przedszkole23.edu.wroclaw.pl\/wp-content\/uploads\/sites\/32\/2019\/11\/SIWZ-P23-2019.pdf\">WROC\u0141AWIU &#8211; Specyfikacja Istotnych Warunk\u00f3w Zam\u00f3wienia<\/a><\/span><\/p>\n<p><span style=\"color: #0000ff;font-size: 12pt\"><a style=\"color: #0000ff\" href=\"https:\/\/przedszkole23.edu.wroclaw.pl\/wp-content\/uploads\/sites\/32\/2019\/11\/edytowalne.docx\">WYB\u00d3R DOSTAWC\u00d3W ARTYKU\u0141\u00d3W SPO\u017bYWCZYCH NA RZECZ PRZEDSZKOLA NR 23 WE <\/a><a style=\"color: #0000ff\" href=\"https:\/\/przedszkole23.edu.wroclaw.pl\/wp-content\/uploads\/sites\/32\/2019\/11\/edytowalne.docx\">WROC\u0141AWIU &#8211; Edytowalna forma za\u0142\u0105cznik\u00f3w do SIWZ<\/a><\/span><\/p>\n<p><span style=\"color: #993366;font-size: 12pt\"><a style=\"color: #993366\" href=\"https:\/\/przedszkole23.edu.wroclaw.pl\/wp-content\/uploads\/sites\/32\/2019\/11\/P-23-Plan-postepowa\u0144-o-udzielenie-zam\u00f3wien-publicznych-2019.pdf\"><span style=\"color: #0000ff\">PLAN POST\u0118POWA\u0143 O UDZIELENIE ZAM\u00d3WIE\u0143 PUBLICZNYCH NA ROK 2019<\/span><\/a><\/span><\/p>\n<hr \/>\n<hr \/>\n<hr \/>\n<p><span style=\"color: #0000ff;font-size: 12pt\"><a style=\"color: #0000ff\" href=\"https:\/\/przedszkole23.edu.wroclaw.pl\/wp-content\/uploads\/sites\/32\/2018\/12\/Rozstrzygni\u0119cie-przetargu-2018.pdf\">WYB\u00d3R DOSTAWC\u00d3W ARTYKU\u0141\u00d3W SPO\u017bYWCZYCH NA RZECZ PRZEDSZKOLA NR 23 WE WROC\u0141AWIU<span class=\"m_1962549195246492326font\"><span class=\"m_1962549195246492326size\">\u00a0&#8211; Rozstrzygni\u0119cie post\u0119powania<\/span><\/span><\/a><\/span><\/p>\n<p><span style=\"color: #0000ff;font-size: 12pt\"><a style=\"color: #0000ff\" href=\"https:\/\/przedszkole23.edu.wroclaw.pl\/wp-content\/uploads\/sites\/32\/2018\/12\/tryb-art-86-ust-5-ustawy-PZP.pdf\">WYB\u00d3R DOSTAWC\u00d3W ARTYKU\u0141\u00d3W SPO\u017bYWCZYCH NA RZECZ PRZEDSZKOLA NR 23 WE WROC\u0141AWIU &#8211; Informacja w trybie art. 86, ust. 5 ustawy PZP<\/a><\/span><\/p>\n<p><span style=\"color: #0000ff;font-size: 12pt\"><a style=\"color: #0000ff\" href=\"https:\/\/przedszkole23.edu.wroclaw.pl\/wp-content\/uploads\/sites\/32\/2018\/12\/zapytanie-do-SWIZ-2018.pdf\">WYB\u00d3R DOSTAWC\u00d3W ARTYKU\u0141\u00d3W SPO\u017bYWCZYCH NA RZECZ PRZEDSZKOLA NR 23 WE WROC\u0141AWIU &#8211; odp\u00a0 na pytanie nr 1 do SIWZ<\/a><\/span><\/p>\n<p><span style=\"color: #0000ff;font-size: 12pt\"><a style=\"color: #0000ff\" href=\"https:\/\/przedszkole23.edu.wroclaw.pl\/wp-content\/uploads\/sites\/32\/2018\/12\/ogl.pdf\">WYB\u00d3R DOSTAWC\u00d3W ARTYKU\u0141\u00d3W SPO\u017bYWCZYCH NA RZECZ PRZEDSZKOLA NR 23 WE WROC\u0141AWIU &#8211; Og\u0142oszenie o zam\u00f3wieniu<\/a><\/span><\/p>\n<p><span style=\"color: #0000ff;font-size: 12pt\"><a style=\"color: #0000ff\" href=\"https:\/\/przedszkole23.edu.wroclaw.pl\/wp-content\/uploads\/sites\/32\/2018\/12\/SIWZ-P23-2018.pdf\">WYB\u00d3R DOSTAWC\u00d3W ARTYKU\u0141\u00d3W SPO\u017bYWCZYCH NA RZECZ PRZEDSZKOLA NR 23 WE WROC\u0141AWIU &#8211; Specyfikacja Istotnych Warunk\u00f3w Zam\u00f3wienia<\/a><\/span><\/p>\n<p><span style=\"color: #0000ff;font-size: 12pt\"><a style=\"color: #0000ff\" href=\"https:\/\/przedszkole23.edu.wroclaw.pl\/wp-content\/uploads\/sites\/32\/2018\/12\/edytowalne.docx\">WYB\u00d3R DOSTAWC\u00d3W ARTYKU\u0141\u00d3W SPO\u017bYWCZYCH NA RZECZ PRZEDSZKOLA NR 23 WE WROC\u0141AWIU &#8211; Edytowalna wersja za\u0142\u0105cznik\u00f3w do SIWZ<\/a><\/span><\/p>\n<hr \/>\n<hr \/>\n<hr \/>\n<p><span style=\"color: #0000ff\"><a style=\"color: #0000ff\" href=\"https:\/\/przedszkole23.edu.wroclaw.pl\/wp-content\/uploads\/sites\/32\/2017\/12\/ogl.pdf\">WYB\u00d3R DOSTAWC\u00d3W ARTYKU\u0141\u00d3W SPO\u017bYWCZYCH NA RZECZ PRZEDSZKOLA NR 23 WE WROC\u0141AWIU &#8211; Og\u0142oszenie o zam\u00f3wieniu<\/a><\/span><\/p>\n<p><span style=\"color: #0000ff\"><a style=\"color: #0000ff\" href=\"https:\/\/przedszkole23.edu.wroclaw.pl\/wp-content\/uploads\/sites\/32\/2017\/12\/SIWZ-P23-2017.pdf\">WYB\u00d3R DOSTAWC\u00d3W ARTYKU\u0141\u00d3W SPO\u017bYWCZYCH NA RZECZ PRZEDSZKOLA NR 23 WE WROC\u0141AWIU &#8211; Specyfikacja Istotnych Warunk\u00f3w Zam\u00f3wienia<\/a><\/span><\/p>\n<p><span style=\"color: #0000ff\"><a style=\"color: #0000ff\" href=\"https:\/\/przedszkole23.edu.wroclaw.pl\/wp-content\/uploads\/sites\/32\/2017\/12\/SIWZ-P-23-zmiana-1.pdf\">WYB\u00d3R DOSTAWC\u00d3W ARTYKU\u0141\u00d3W SPO\u017bYWCZYCH NA RZECZ PRZEDSZKOLA NR 23 WE WROC\u0141AWIU &#8211; zmiana tre\u015bci SIWZ nr 1<\/a><\/span><\/p>\n<p><span style=\"color: #0000ff\"><a style=\"color: #0000ff\" href=\"https:\/\/przedszkole23.edu.wroclaw.pl\/wp-content\/uploads\/sites\/32\/2017\/12\/SIWZ-P-23-zmiana-2.pdf\">WYB\u00d3R DOSTAWC\u00d3W ARTYKU\u0141\u00d3W SPO\u017bYWCZYCH NA RZECZ PRZEDSZKOLA NR 23 WE WROC\u0141AWIU &#8211; zmiana tre\u015bci SIWZ nr 2<\/a><\/span><\/p>\n<p><span style=\"color: #0000ff\"><a style=\"color: #0000ff\" href=\"https:\/\/przedszkole23.edu.wroclaw.pl\/wp-content\/uploads\/sites\/32\/2017\/12\/Odp-SIWZ.pdf\">WYB\u00d3R DOSTAWC\u00d3W ARTYKU\u0141\u00d3W SPO\u017bYWCZYCH NA RZECZ PRZEDSZKOLA NR 23 WE WROC\u0141AWIU &#8211; Odp SIWZ<\/a><\/span><\/p>\n<p><span style=\"color: #0000ff\"><a style=\"color: #0000ff\" href=\"https:\/\/przedszkole23.edu.wroclaw.pl\/wp-content\/uploads\/sites\/32\/2017\/12\/edytowalne2.docx\">WYB\u00d3R DOSTAWC\u00d3W ARTYKU\u0141\u00d3W SPO\u017bYWCZYCH NA RZECZ PRZEDSZKOLA NR 23 WE WROC\u0141AWIU &#8211; Edytowalna wersja za\u0142\u0105cznik\u00f3w do SIWZ<\/a><\/span><\/p>\n<p><span style=\"color: #0000ff\"><a style=\"color: #0000ff\" href=\"https:\/\/przedszkole23.edu.wroclaw.pl\/wp-content\/uploads\/sites\/32\/2017\/12\/Informacja_art_86.pdf\">WYB\u00d3R DOSTAWC\u00d3W ARTYKU\u0141\u00d3W SPO\u017bYWCZYCH NA RZECZ PRZEDSZKOLA NR 23 WE WROC\u0141AWIU &#8211; Informacja w trybie art. 86, ust. 5 ustawy PZP<\/a><\/span><\/p>\n<p><span style=\"color: #0000ff\"><a style=\"color: #0000ff\" href=\"https:\/\/przedszkole23.edu.wroclaw.pl\/wp-content\/uploads\/sites\/32\/2018\/01\/Zapytanie-Ofertowe-gr-mi\u0119so-2018.pdf\">ZAPYTANIE OFERTOWE DOTYCZ\u0104CE DOSTAW MI\u0118SA I W\u0118DLIN DO PRZEDSZKOLA NR 23 WE WROC\u0141AWIU &#8211; prosz\u0119 o zapoznanie si\u0119 z dokumentami i przes\u0142anie oferty cenowej<\/a><\/span><\/p>\n<p><span style=\"color: #0000ff\"><a style=\"color: #0000ff\" href=\"https:\/\/przedszkole23.edu.wroclaw.pl\/wp-content\/uploads\/sites\/32\/2018\/01\/Rozstrzygniecie-postepowania.pdf\">WYB\u00d3R DOSTAWC\u00d3W ARTYKU\u0141\u00d3W SPO\u017bYWCZYCH NA RZECZ PRZEDSZKOLA NR 23 WE WROC\u0141AWIU &#8211; Rozstrzygni\u0119cie post\u0119powania<\/a><\/span>[\/vc_column_text][\/vc_column][\/vc_row]<\/p>\n<\/div>","protected":false},"excerpt":{"rendered":"<p>[vc_row][vc_column][vc_column_text css=&#8221;&#8221;] Plan udzielania zam\u00f3wie\u0144 publicznych na 2026 r[\/vc_column_text][\/vc_column][\/vc_row][vc_row][vc_column][vc_media_grid grid_id=&#8221;vc_gid:1771599875070-da3499d0-c513-3&#8243;][vc_column_text]Plan\u00a0 udzielania zam\u00f3wie\u0144 na rok 2024 PLAN UDZIELANIA ZAM\u00d3WIE\u0143 PUBLICZNYCH NA ROK 2023 r. POST\u0118POWANIE PRZETARGOWE NA ROK 2022 PLAN POST\u0118POWA\u0143 [&hellip;]<\/p>\n","protected":false},"author":72,"featured_media":0,"parent":18,"menu_order":0,"comment_status":"closed","ping_status":"closed","template":"","meta":{"footnotes":""},"class_list":["post-288","page","type-page","status-publish","hentry","clearfix"],"_links":{"self":[{"href":"https:\/\/przedszkole23.edu.wroclaw.pl\/index.php\/wp-json\/wp\/v2\/pages\/288","targetHints":{"allow":["GET"]}}],"collection":[{"href":"https:\/\/przedszkole23.edu.wroclaw.pl\/index.php\/wp-json\/wp\/v2\/pages"}],"about":[{"href":"https:\/\/przedszkole23.edu.wroclaw.pl\/index.php\/wp-json\/wp\/v2\/types\/page"}],"author":[{"embeddable":true,"href":"https:\/\/przedszkole23.edu.wroclaw.pl\/index.php\/wp-json\/wp\/v2\/users\/72"}],"replies":[{"embeddable":true,"href":"https:\/\/przedszkole23.edu.wroclaw.pl\/index.php\/wp-json\/wp\/v2\/comments?post=288"}],"version-history":[{"count":64,"href":"https:\/\/przedszkole23.edu.wroclaw.pl\/index.php\/wp-json\/wp\/v2\/pages\/288\/revisions"}],"predecessor-version":[{"id":7128,"href":"https:\/\/przedszkole23.edu.wroclaw.pl\/index.php\/wp-json\/wp\/v2\/pages\/288\/revisions\/7128"}],"up":[{"embeddable":true,"href":"https:\/\/przedszkole23.edu.wroclaw.pl\/index.php\/wp-json\/wp\/v2\/pages\/18"}],"wp:attachment":[{"href":"https:\/\/przedszkole23.edu.wroclaw.pl\/index.php\/wp-json\/wp\/v2\/media?parent=288"}],"curies":[{"name":"wp","href":"https:\/\/api.w.org\/{rel}","templated":true}]}}