
{"id":415,"date":"2017-11-01T02:09:12","date_gmt":"2017-11-01T01:09:12","guid":{"rendered":"https:\/\/przedszkole23.edu.wroclaw.pl\/?page_id=415"},"modified":"2017-11-01T02:09:12","modified_gmt":"2017-11-01T01:09:12","slug":"projekty-unijne","status":"publish","type":"page","link":"https:\/\/przedszkole23.edu.wroclaw.pl\/index.php\/projekty-unijne\/projekty-unijne\/","title":{"rendered":"Projekty unijne"},"content":{"rendered":"<div class=\"wpb-content-wrapper\"><p>[vc_row][vc_column][vc_column_text css=&#8221;.vc_custom_1509497254793{margin-right: 100px !important;margin-left: 100px !important;}&#8221;]<\/p>\n<p style=\"text-align: center\"><span style=\"color: #000000\"><strong>\u201eEdukacja przedszkolna bez barier<\/strong><\/span><\/p>\n<p style=\"text-align: center\"><span style=\"color: #000000\"><strong> &#8211; upowszechnienie i zapewnienie wysokiej jako\u015bci edukacji przedszkolnej w Gminie Wroc\u0142aw\u201d<\/strong><\/span><\/p>\n<p><span style=\"color: #000000\">Projekt jest wsp\u00f3\u0142finansowany ze \u015brodk\u00f3w Unii Europejskiej w ramach Europejskiego Funduszu Spo\u0142ecznego w ramach Regionalnego Programu Operacyjnego Wojew\u00f3dztwa Dolno\u015bl\u0105skiego na lata 2014-2020, Dzia\u0142anie 10.1 Zapewnienie r\u00f3wnego dost\u0119pu do wysokiej jako\u015bci edukacji przedszkolnej, Poddzia\u0142anie 10.1.2 Zapewnienie r\u00f3wnego dost\u0119pu do wysokiej jako\u015bci edukacji przedszkolnej &#8211; ZIT WrOF.<\/span><\/p>\n<p>&nbsp;<\/p>\n<p><span style=\"color: #000000\">Projekt realizowany jest przez Gmin\u0119 Wroc\u0142aw (Beneficjenta-Wnioskodawc\u0119).<\/span><\/p>\n<p><span style=\"color: #000000\">W imieniu Gminy Wroc\u0142aw realizatorem Projektu jest Centrum Kszta\u0142cenia Praktycznego we Wroc\u0142awiu.<\/span><\/p>\n<p><span style=\"color: #000000\">Adres Biura Projektu: Centrum Kszta\u0142cenia Praktycznego, Zespo\u0142y Projektowe, 53-611 Wroc\u0142aw, ul. Strzegomska 49a.<\/span><\/p>\n<p>&nbsp;<\/p>\n<p><span style=\"color: #000000\">Czas realizacji Projektu: od 01-07-2017 do 31-08-2018<\/span><\/p>\n<p>&nbsp;<\/p>\n<p><span style=\"color: #000000\">Celem Projektu jest zwi\u0119kszenie dost\u0119pno\u015bci miejsc przedszkolnych i podniesienie jako\u015bci wychowania przedszkolnego w 7 przedszkolach Gminy Wroc\u0142aw.<\/span><\/p>\n<p>&nbsp;<\/p>\n<p><span style=\"color: #000000\">Cele szczeg\u00f3\u0142owe Projektu to:<\/span><\/p>\n<ul>\n<li><span style=\"color: #000000\">zwi\u0119kszenie dost\u0119pno\u015bci do wychowania przedszkolnego w Gminie poprzez uruchomienie 600 nowych miejsc przedszkolnych w 3 przedszkolach,<\/span><\/li>\n<li><span style=\"color: #000000\">zwi\u0119kszenie kwalifikacji i podniesienie kompetencji przez 80 nauczycieli\/ek z 7 przedszkoli, w tym 37 os\u00f3b, kt\u00f3re podnios\u0105 kompetencje w zakresie pedagogiki specjalnej oraz 43 osoby zwi\u0119ksz\u0105 kompetencje w zakresie wsp\u00f3\u0142pracy z rodzicami,<\/span><\/li>\n<li><span style=\"color: #000000\">zwi\u0119kszenie szans edukacyjnych 736 dzieci z 7 przedszkoli, w tym 69 dzieci z niepe\u0142nosprawno\u015bciami przez poszerzenie oferty edukacyjnej (zaj\u0119cia dodatkowe dla dzieci i zakup pomocy dydaktycznych).<\/span><\/li>\n<\/ul>\n<p>&nbsp;<\/p>\n<p><span style=\"color: #000000\">Projekt obejmuje wsparciem:<\/span><\/p>\n<ul>\n<li><span style=\"color: #000000\">7 przedszkoli z Gminy Wroc\u0142aw : Przedszkole nr 29 z Oddzia\u0142ami Integracyjnymi w ZSP nr 6, Przedszkole nr 97 z Oddzia\u0142ami Integracyjnymi w ZSP nr 8, Przedszkole nr 109 z Oddzia\u0142ami Integracyjnymi, Przedszkole Integracyjne nr 125 im. J.Korczaka, Przedszkole nr 23, Przedszkole nr 32 w ZSP nr 21, Przedszkole nr 20 w ZSP nr 20 &#8211; w zakresie uruchomienia i utrzymania nowych miejsc wychowania przedszkolnego, wyposa\u017cenia w pomoce dydaktyczne oraz zatrudnienie Asystent\u00f3w dzieci z niepe\u0142nosprawno\u015bci\u0105,<\/span><\/li>\n<li><span style=\"color: #000000\">736 dzieci z w\/w przedszkoli w zakresie dodatkowych zaj\u0119\u0107 edukacyjnych i specjalistycznych,<\/span><\/li>\n<li><span style=\"color: #000000\">99 nauczycieli z w\/w przedszkoli w zakresie uczestnictwa w formach doskonalenia nauczycieli.<\/span><\/li>\n<\/ul>\n<p>&nbsp;<\/p>\n<p><span style=\"color: #000000\">Ca\u0142kowita warto\u015b\u0107 projektu wynosi: <strong>7 908 567,70 z\u0142<\/strong><\/span><\/p>\n<p><span style=\"color: #000000\">Kwota dofinansowania: <strong>6 722 282,54 z\u0142<\/strong><\/span><\/p>\n<p>[\/vc_column_text][\/vc_column][\/vc_row]<\/p>\n<\/div>","protected":false},"excerpt":{"rendered":"<p>[vc_row][vc_column][vc_column_text css=&#8221;.vc_custom_1509497254793{margin-right: 100px !important;margin-left: 100px !important;}&#8221;] \u201eEdukacja przedszkolna bez barier &#8211; upowszechnienie i zapewnienie wysokiej jako\u015bci edukacji przedszkolnej w Gminie Wroc\u0142aw\u201d Projekt jest wsp\u00f3\u0142finansowany ze \u015brodk\u00f3w Unii Europejskiej w ramach [&hellip;]<\/p>\n","protected":false},"author":77,"featured_media":0,"parent":286,"menu_order":0,"comment_status":"closed","ping_status":"closed","template":"","meta":{"footnotes":""},"class_list":["post-415","page","type-page","status-publish","hentry","clearfix"],"_links":{"self":[{"href":"https:\/\/przedszkole23.edu.wroclaw.pl\/index.php\/wp-json\/wp\/v2\/pages\/415","targetHints":{"allow":["GET"]}}],"collection":[{"href":"https:\/\/przedszkole23.edu.wroclaw.pl\/index.php\/wp-json\/wp\/v2\/pages"}],"about":[{"href":"https:\/\/przedszkole23.edu.wroclaw.pl\/index.php\/wp-json\/wp\/v2\/types\/page"}],"author":[{"embeddable":true,"href":"https:\/\/przedszkole23.edu.wroclaw.pl\/index.php\/wp-json\/wp\/v2\/users\/77"}],"replies":[{"embeddable":true,"href":"https:\/\/przedszkole23.edu.wroclaw.pl\/index.php\/wp-json\/wp\/v2\/comments?post=415"}],"version-history":[{"count":7,"href":"https:\/\/przedszkole23.edu.wroclaw.pl\/index.php\/wp-json\/wp\/v2\/pages\/415\/revisions"}],"predecessor-version":[{"id":4555,"href":"https:\/\/przedszkole23.edu.wroclaw.pl\/index.php\/wp-json\/wp\/v2\/pages\/415\/revisions\/4555"}],"up":[{"embeddable":true,"href":"https:\/\/przedszkole23.edu.wroclaw.pl\/index.php\/wp-json\/wp\/v2\/pages\/286"}],"wp:attachment":[{"href":"https:\/\/przedszkole23.edu.wroclaw.pl\/index.php\/wp-json\/wp\/v2\/media?parent=415"}],"curies":[{"name":"wp","href":"https:\/\/api.w.org\/{rel}","templated":true}]}}

<div class="wpb-content-wrapper"><p>[vc_row][vc_column][vc_column_text css=&#8221;.vc_custom_1509497254793{margin-right: 100px !important;margin-left: 100px !important;}&#8221;]</p>
<p style="text-align: center"><span style="color: #000000"><strong>„Edukacja przedszkolna bez barier</strong></span></p>
<p style="text-align: center"><span style="color: #000000"><strong> &#8211; upowszechnienie i zapewnienie wysokiej jakości edukacji przedszkolnej w Gminie Wrocław”</strong></span></p>
<p><span style="color: #000000">Projekt jest współfinansowany ze środków Unii Europejskiej w ramach Europejskiego Funduszu Społecznego w ramach Regionalnego Programu Operacyjnego Województwa Dolnośląskiego na lata 2014-2020, Działanie 10.1 Zapewnienie równego dostępu do wysokiej jakości edukacji przedszkolnej, Poddziałanie 10.1.2 Zapewnienie równego dostępu do wysokiej jakości edukacji przedszkolnej &#8211; ZIT WrOF.</span></p>
<p>&nbsp;</p>
<p><span style="color: #000000">Projekt realizowany jest przez Gminę Wrocław (Beneficjenta-Wnioskodawcę).</span></p>
<p><span style="color: #000000">W imieniu Gminy Wrocław realizatorem Projektu jest Centrum Kształcenia Praktycznego we Wrocławiu.</span></p>
<p><span style="color: #000000">Adres Biura Projektu: Centrum Kształcenia Praktycznego, Zespoły Projektowe, 53-611 Wrocław, ul. Strzegomska 49a.</span></p>
<p>&nbsp;</p>
<p><span style="color: #000000">Czas realizacji Projektu: od 01-07-2017 do 31-08-2018</span></p>
<p>&nbsp;</p>
<p><span style="color: #000000">Celem Projektu jest zwiększenie dostępności miejsc przedszkolnych i podniesienie jakości wychowania przedszkolnego w 7 przedszkolach Gminy Wrocław.</span></p>
<p>&nbsp;</p>
<p><span style="color: #000000">Cele szczegółowe Projektu to:</span></p>
<ul>
<li><span style="color: #000000">zwiększenie dostępności do wychowania przedszkolnego w Gminie poprzez uruchomienie 600 nowych miejsc przedszkolnych w 3 przedszkolach,</span></li>
<li><span style="color: #000000">zwiększenie kwalifikacji i podniesienie kompetencji przez 80 nauczycieli/ek z 7 przedszkoli, w tym 37 osób, które podniosą kompetencje w zakresie pedagogiki specjalnej oraz 43 osoby zwiększą kompetencje w zakresie współpracy z rodzicami,</span></li>
<li><span style="color: #000000">zwiększenie szans edukacyjnych 736 dzieci z 7 przedszkoli, w tym 69 dzieci z niepełnosprawnościami przez poszerzenie oferty edukacyjnej (zajęcia dodatkowe dla dzieci i zakup pomocy dydaktycznych).</span></li>
</ul>
<p>&nbsp;</p>
<p><span style="color: #000000">Projekt obejmuje wsparciem:</span></p>
<ul>
<li><span style="color: #000000">7 przedszkoli z Gminy Wrocław : Przedszkole nr 29 z Oddziałami Integracyjnymi w ZSP nr 6, Przedszkole nr 97 z Oddziałami Integracyjnymi w ZSP nr 8, Przedszkole nr 109 z Oddziałami Integracyjnymi, Przedszkole Integracyjne nr 125 im. J.Korczaka, Przedszkole nr 23, Przedszkole nr 32 w ZSP nr 21, Przedszkole nr 20 w ZSP nr 20 &#8211; w zakresie uruchomienia i utrzymania nowych miejsc wychowania przedszkolnego, wyposażenia w pomoce dydaktyczne oraz zatrudnienie Asystentów dzieci z niepełnosprawnością,</span></li>
<li><span style="color: #000000">736 dzieci z w/w przedszkoli w zakresie dodatkowych zajęć edukacyjnych i specjalistycznych,</span></li>
<li><span style="color: #000000">99 nauczycieli z w/w przedszkoli w zakresie uczestnictwa w formach doskonalenia nauczycieli.</span></li>
</ul>
<p>&nbsp;</p>
<p><span style="color: #000000">Całkowita wartość projektu wynosi: <strong>7 908 567,70 zł</strong></span></p>
<p><span style="color: #000000">Kwota dofinansowania: <strong>6 722 282,54 zł</strong></span></p>
<p>[/vc_column_text][/vc_column][/vc_row]</p>
</div>

<p>[vc_row][vc_column][vc_column_text css=&#8221;.vc_custom_1509497254793{margin-right: 100px !important;margin-left: 100px !important;}&#8221;] „Edukacja przedszkolna bez barier &#8211; upowszechnienie i zapewnienie wysokiej jakości edukacji przedszkolnej w Gminie Wrocław” Projekt jest współfinansowany ze środków Unii Europejskiej w ramach [&hellip;]</p>
